?
130
In base 15, what is 10 + -a?
5
In base 13, what is -62 - -3?
-5c
In base 12, what is -1b1 + 0?
-1b1
In base 14, what is b + -64?
-57
In base 8, what is -3 + 6?
3
In base 10, what is -65 + 0?
-65
In base 5, what is 13 + 100?
113
In base 11, what is -319 + 1?
-318
In base 13, what is -4 + -36?
-3a
In base 2, what is 11001010010 - 100?
11001001110
In base 10, what is -3 - 892?
-895
In base 2, what is -1111101 + 110011?
-1001010
In base 7, what is -4 + -2326?
-2333
In base 11, what is -85 - 51?
-126
In base 14, what is 6 + -45?
-3d
In base 5, what is -1234 - -1?
-1233
In base 10, what is 0 - -4561?
4561
In base 3, what is 11 - -202012?
202100
In base 10, what is 691 + -5?
686
In base 12, what is -132 + -4?
-136
In base 11, what is -8 - -3?
-5
In base 16, what is -332 - 5?
-337
In base 8, what is -1361 - 6?
-1367
In base 3, what is -2111 - -1?
-2110
In base 14, what is 1156 + 2?
1158
In base 14, what is 20 + -8?
16
In base 6, what is 11 - 1443?
-1432
In base 6, what is 1130 + -3?
1123
In base 11, what is 340 + 0?
340
In base 14, what is -68 + 18?
-50
In base 7, what is -1263 - -4?
-1256
In base 6, what is -40 + -23?
-103
In base 12, what is -b73 + -7?
-b7a
In base 2, what is 1010011001111 + 0?
1010011001111
In base 15, what is -c4 + 0?
-c4
In base 6, what is -1 + -1050?
-1051
In base 13, what is -4 - -2?
-2
In base 3, what is 212 - 11?
201
In base 6, what is 30 - 10?
20
In base 3, what is -1020210 + 11?
-1020122
In base 12, what is 6 - 8ba?
-8b4
In base 9, what is 1 + -2276?
-2275
In base 7, what is -122 - -40?
-52
In base 3, what is -100 - -110?
10
In base 7, what is 4 + 416?
423
In base 7, what is 13 + 211?
224
In base 8, what is -160 - -3?
-155
In base 7, what is 315 - -4?
322
In base 3, what is 2 + -2221100?
-2221021
In base 14, what is -1 + 6?
5
In base 15, what is 0 + -309?
-309
In base 13, what is -b + 155?
147
In base 12, what is -2 + -5b7?
-5b9
In base 10, what is -18 - 22?
-40
In base 16, what is -5 + 56?
51
In base 13, what is -3c + -1?
-40
In base 15, what is -1e8 - -4?
-1e4
In base 3, what is 0 - -1010100?
1010100
In base 3, what is 1 + -22010?
-22002
In base 10, what is 71 - -17?
88
In base 9, what is -3085 - -1?
-3084
In base 16, what is 4 + -109?
-105
In base 2, what is 101 + -10001100011?
-10001011110
In base 6, what is -20221 + -3?
-20224
In base 10, what is 4855 - -4?
4859
In base 13, what is c - -11c?
12b
In base 4, what is -1 + -330?
-331
In base 15, what is -1a + -22?
-3c
In base 14, what is 39 - 19?
20
In base 2, what is 10 + 1010101?
1010111
In base 9, what is 143 + -16?
126
In base 10, what is -45 - 51?
-96
In base 4, what is -1 + 13130?
13123
In base 2, what is 0 - -11110?
11110
In base 15, what is b - -b8?
c4
In base 5, what is -132 + -10?
-142
In base 5, what is 110 - 4?
101
In base 13, what is -1 + -619?
-61a
In base 12, what is -4b + -4?
-53
In base 7, what is 2 + 6036?
6041
In base 12, what is 15 + 6?
1b
In base 6, what is -4 - -501?
453
In base 7, what is -41 - 12?
-53
In base 15, what is 4 + 1a?
1e
In base 4, what is 110032 + 1?
110033
In base 15, what is 80 + 12?
92
In base 2, what is 1 + -11110100101?
-11110100100
In base 13, what is 2c + -11b?
-bc
In base 7, what is 13 + 644?
660
In base 6, what is -4 - 145?
-153
In base 8, what is 5 + -25?
-20
In base 6, what is -210 - 3?
-213
In base 7, what is -5 - -4?
-1
In base 13, what is 1 - 4b?
-4a
In base 2, what is -111011100 + 100?
-111011000
In base 14, what is c + 1?
d
In base 5, what is 10 + 32120?
32130
In base 10, what is 1036 + 2?
1038
In base 16, what is -1980 - -1?
-197f
In base 16, what is -2 - 1d?
-1f
In base 14, what is d - -47?
56
In base 3, what is 211210222 + -11?
211210211
In base 3, what is -1 + -221220?
-221221
In base 12, what is 1279 - 4?
1275
In base 9, what is -5 - -167?
162
In base 12, what is -a2 - -11?
-91
In base 12, what is aa7a - -5?
aa83
In base 12, what is 2 - -1348?
134a
In base 9, what is 4 - 7?
-3
In base 2, what is -111111101 - 100?
-1000000001
In base 16, what is 249 + 3?
24c
In base 4, what is -1312112 - -2?
-1312110
In base 6, what is -100545 - 1?
-100550
In base 5, what is 2301 + -20?
2231
In base 12, what is -8 + -11a?
-126
In base 14, what is -78b + 5?
-786
In base 14, what is -1 + -736?
-737
In base 9, what is -40 + -7?
-47
In base 8, what is 7 + 217?
226
In base 7, what is 234 + 3?
240
In base 12, what is 84 + 0?
84
In base 4, what is 1011 - -31?
1102
In base 4, what is 10 - -1120?
1130
In base 11, what is 23 + -37?
-14
In base 8, what is -26 + 7?
-17
In base 15, what is -4 - -29?
25
In base 8, what is -2 + 116?
114
In base 13, what is -6 - -28?
22
In base 10, what is 4 - -60?
64
In base 11, what is 320 - -3?
323
In base 9, what is -1200 - -3?
-1186
In base 3, what is -20022 - -2?
-20020
In base 6, what is 10505 - -1?
10510
In base 4, what is 102300 - 2?
102232
In base 13, what is -6 - -569?
563
In base 6, what is 4 + 3143?
3151
In base 12, what is 40 + -1?
3b
In base 12, what is -84 + 3?
-81
In base 9, what is 46 - -45?
102
In base 4, what is -2 - -113222?
113220
In base 9, what is -3 - 53?
-56
In base 15, what is 4 - -a03?
a07
In base 5, what is 4 + 114?
123
In base 11, what is 9 + 2a?
38
In base 13, what is 9 - 28?
-1c
In base 10, what is -9 + 78?
69
In base 4, what is 2022 + -2?
2020
In base 11, what is a3 - 6?
98
In base 2, what is 10 + 110010?
110100
In base 15, what is 5 - 9?
-4
In base 10, what is 188 - 4?
184
In base 5, what is 103 - 3?
100
In base 8, what is -12 - 12?
-24
In base 3, what is 11 - -11221?
12002
In base 4, what is -2110 - 2?
-2112
In base 12, what is -18 - b?
-27
In base 2, what is 0 + -10111111?
-10111111
In base 16, what is 40 - 4?
3c
In base 2, what is 111100100001 - 1?
111100100000
In base 2, what is 11110111 + -11?
11110100
In base 6, what is -51221 + 5?
-51212
In base 15, what is -7a - -3?
-77
In base 10, what is 8 + 42?
50
In base 11, what is -1471 - 2?
-1473
In base 16, what is 4 - 1c97?
-1c93
In base 11, what is -70 + a?
-61
In base 3, what is -2 + -1101002?
-1101011
In base 11, what is -17 + -37?
-53
In base 3, what is -10220 + -21?
-11011
In base 16, what is f3 + -4?
ef
In base 8, what is -4 + 1?
-3
In base 5, what is 4 - -22?
31
In base 10, what is 3 - -73?
76
In base 14, what is 21 + -3?
1c
In base 2, what is -1000011101111 - 100?
-1000011110011
In base 2, what is 110111 - 10011110?
-1100111
In base 2, what is -100101011 - -11?
-100101000
In base 12, what is 5 - 141?
-138
In base 13, what is 168 + -4?
164
In base 6, what is -13022 + 1?
-13021
In base 7, what is -5 + -12?
-20
In base 9, what is 3 + -43?
-40
In base 2, what is 11 - 110011001110?
-110011001011
In base 12, what is 59 + 174?
211
In base 3, what is -102000 - -11?
-101212
In base 6, what is 1240 + 3?
1243
In base 11, what is 14 - 203?
-19a
In base 15, what is -216 + -1?
-217
In base 12, what is 126 + -4?
122
In base 13, what is -71 + -1?
-72
In base 5, what is 131 + 22?
203
In base 3, what is -1101 - 10?
-1111
In base 10, what is 3 + -31?
-28
In base 3, what is -222100 - 1?
-222101
In base 9, what is 103 - -45?
148
In base 5, what is 120 + -2?
113
In base 15, what is 746 - -4?
74a
In base 6, what is -4 - -10105?
10101
In base 12, what is 2a - -9?
37
In base 13, what is -13 - 6?
-19
In base 8, what is -104 - -3?
-101
In base 9, what is -2 + 1537?
1535
In base 2, what is 100 - -1010?
1110
In base 2, what is 110100001 - -110?
110100111
In base 6, what is -3 - -11522?
11515
In base 13, what is 3 - -56?
59
In base 15, what is -4 + 4d?
49
In base 13, what is -87 + -1?
-88
In base 12, what is -177 + 4?
-173
In base 11, what is 148 + 2?
14a
In base 11, what is -7 + 3?
-4
In base 8, what is -14 - -14?
0
In base 13, what is 1 + -156?
-155
In base 12, what is 290 + 45?
315
In base 8, what is -4 - -635?
631
In base 15, what is 5 - -11a?
120
In base 10, what is -21 + 33?
12
In base 15, what is -3 + 6e4?
6e1
In base 13, what is -787 - -4?
-783
In base 5, what is 1 + -1121?
-1120
In base 16, what is -1d - -6?
-17
In base 4, what is 111223 + -10?
111213
In base 6, what is 104 + 3034?
3142
In base 9, what is -23658 + 3?
-23655
In base 4, what is -302202 - 0?
-302202
In base 6, what is -12 - 2?
-14
In base 3, what is -2120 - -10?
-2110
In base 10, what is 13 - -882?
895
In base 4, what is 10201 + 11?
10212
In base 12, what is -457 + -4?
-4